3 - 12*q**2 - 14*q - 20. Give f(o).
13
Suppose 90 = -3*s + a, -24 - 66 = 3*s - 5*a. Let u be s/165 - 224/(-22). Let f(y) = -21 + u*y + 7 + 8 - y**2. Determine f(9).
3
Let m(o) be the third derivative of 1/60*o**5 + 1/6*o**3 - 17*o**2 + 0*o + 1/24*o**4 + 0. Calculate m(-4).
13
Let c(r) = 5*r**3 - 2*r**3 - 5*r**3 + 3*r**3 + 5 + 7*r**2. Let n be 19 + -10 + 8*-2. Calculate c(n).
5
Let m(x) = 2*x + 15. Let i(k) = k + 1. Let u(r) = 5*i(r) + m(r). Let o(c) = -10*c - 29. Let j(s) = -5*o(s) - 7*u(s). Determine j(4).
9
Let n(w) = 78*w + 22. Let h(c) = 372*c + 112. Let q(p) = 4*h(p) - 19*n(p). What is q(3)?
48
Let p(v) = v**3 - v + 7. Let g be p(0). Let z be (-3)/(-2) - ((-42)/4)/g. Let u(f) = f + 4 + z*f - 6*f + f. What is u(0)?
4
Let u(i) = -i**2 + 51*i + 164. Suppose 8640 = 5*l + 104*l + 51*l. Give u(l).
2
Let v(i) = i**2 - 2*i + 3. Let k(c) = -3*c + 38. Let y be k(-17). Let t = y + -87. Suppose 3*d = -t*n - 3, -n - 4 = -d - 10. Calculate v(n).
6
Let y(b) = -30*b. Let g be y(0). Let j(u) = -u**2 + u - 1. Let f = -3 + 2. Let i(n) = 5*n**2 - 6*n + 14. Let k(p) = f*i(p) - 6*j(p). What is k(g)?
-8
Suppose 0 = 511*n - 523*n - 48. Let i(o) = o**3 - 4*o**2 - 6*o - 9. Calculate i(n).
-113
Let f be (71*(-48)/(-6816))/(2/(-20)). Let g(h) be the first derivative of -h**3/3 - 7*h**2/2 - 4*h - 1. Give g(f).
6
Let x(o) = o**3 - o**2 + 4*o - 26. Let n be x(3). Let m(l) = -l + 5. Let d(v) = v - 5. Let k(g) = 5*d(g) + 6*m(g). What is k(n)?
1
Suppose 0*f - 2*f - 2 = 4*m, 3*m - 2*f + 12 = 0. Let l(y) = -17 + 1 + 3 + y + 8 + 9. Give l(m).
2
Suppose 215*b - 39 = 254*b. Let i(c) = -120*c**3 + c + 2. Determine i(b).
121
Let u(c) = -22*c + 25. Let f(w) = -14*w + 43. Let z be f(3). Calculate u(z).
3
Let v(c) = -c. Suppose 4*g - 3*j + 17 = -2*j, 3*g - j + 12 = 0. Let a(u) = -9 + 8*u - 7*u - u**2 - 3*u. Let y(h) = g*v(h) - a(h). Determine y(-6).
3
Let i(b) = b**3 - 6*b**2 + 7*b - 40. Let p = 421 - 415. Give i(p).
2
Suppose -2*w - 5*x = 7, 0*w - w - 3 = 3*x. Let l(q) = -5*q - 11. Let f(k) = 6*k + 11. Let y(n) = w*f(n) - 7*l(n). Suppose z = 5*z. Calculate y(z).
11
Let j(a) be the second derivative of -a**4/12 + a**3 + 94*a**2 - 2*a - 7118. Calculate j(17).
1
Suppose 0 = 5*g + 10, 3*f + 4*g - 48 = -11. Let w(c) = f - c**2 - 54 + 18 + 20 + 10*c. Determine w(10).
-1
Let w(m) = -40*m + 30. Let c(g) = -4 + 13*g + 11 - 32*g + 7. Let t(i) = 13*c(i) - 6*w(i). Determine t(-2).
16
Let h = -60 + 71. Suppose 41 = -5*d - 2*m - h, -3*d = m + 32. Let l be d*((-12)/8 + 2). Let t(x) = -x**3 - 5*x**2 + 8*x - 1. What is t(l)?
-13
Let y(l) = -7*l**2 + 2*l. Let w(m) = 50*m**2 - 7*m - 68. Let g(h) = -w(h) - 7*y(h). Calculate g(-12).
8
Let u(j) = -j + 2. Let z be u(-1). Suppose p + 4 = z*p, -3*p = -3*m + 12. Let d(i) = -i**2 + 6*i + 5. Determine d(m).
5
Let o(x) = -x**3 + 13*x**2 + 29*x + 11. Suppose -3*a = -49 - 2 + 6. Give o(a).
-4
Let j(f) = 105*f**3 + 111*f**3 - 9*f**2 - 219*f**3 - 6*f + 20*f**2 + 6. Calculate j(5).
-124
Suppose -2044 = -d - 2053. Let n(l) = -l - 12. Let j(t) = -t - 11. Let f(r) = 5*j(r) - 4*n(r). Give f(d).
2
Let v = -121 + 139. Suppose 0*a - v = -3*a + 3*m, -3 = 2*a - 5*m. Let z(b) = -5*b + 12. What is z(a)?
-43
Let f be 1/((-4)/(-12)*-3). Let h(v) be the second derivative of 21*v - 1/2*v**2 + 7/3*v**3 + 0. What is h(f)?
-15
Let r = -1 - -1. Let t(v) = r - 2 + 34*v - 36*v. Let m(x) = -x**3 + x**2 - 2. Let a be m(0). Give t(a).
2
Suppose d - 5*g = 1, -12*g + 17*g = 0. Let r be -1*8/4 - 3*d. Let c(x) = -2*x**2 - 6*x + 4. What is c(r)?
-16
Let v(j) = -5*j**2 - 14*j + 20. Let a(p) = p + 61 + p**2 - 36 - 26. Let s(c) = -4*a(c) - v(c). Calculate s(-11).
-5
Let g = -36 - -40. Suppose 4*n - 8 = -3*o + 2*n, 20 = 3*o - g*n. Let m(a) = 4*a**2 + 1 + 2*a**2 - 4*a - o*a**2 - a**2. Determine m(3).
-2
Let s = 30 + -25. Let c = s + -2. Let z(r) = -r + 1. Let d(m) = -2*m + 5. Let n(v) = c*z(v) - d(v). Calculate n(-7).
5
Let d(n) = 4*n - 39. Let a be d(11). Let o(u) = -u - 8*u + a*u. Determine o(6).
-24
Let x(m) be the second derivative of -m**5/20 - 7*m**4/6 + 13*m**3/6 - 3*m**2 + 2*m - 46. What is x(-15)?
24
Let y(l) = 7*l**2 - 18*l + 22. Let w(b) = -3*b**2 + 10*b - 12. Let s(a) = 10*w(a) + 4*y(a). Let m be s(13). Let v(c) = c**3 + 5*c**2 - 8*c - 6. What is v(m)?
6
Let q(h) be the first derivative of 26 - 26*h + 7/6*h**3 - 1/12*h**4 + 3*h**2. Let k(c) be the first derivative of q(c). Give k(7).
6
Let t(q) = 3*q + 12. Let o(s) = 124*s + 21. Let d(h) = -o(h) + 2*t(h). What is d(-1)?
121
Let x(t) be the first derivative of 45 + 2*t - 1/3*t**3 + 4*t**2. Let w(o) = -o**3 + o**2 - o + 6. Let s be w(0). Give x(s).
14
Let i(p) be the second derivative of -p**6/120 + p**5/15 - p**4/24 + 7*p**3/6 - 19*p**2/2 + 170*p. Let j(z) be the first derivative of i(z). Determine j(5).
-23
Let f(x) = 20*x - 10. Let l = -30706 - -30709. Calculate f(l).
50
Suppose -21*u - 4*u - 3875 = 0. Let k be (-6)/(-24) - u/20. Let t(r) = -3*r + 17. Calculate t(k).
-7
Suppose h - 2*a = -8, -3*h - h + a = -3. Suppose 3*g - h - 9 = -r, -g - 3*r = 7. Let l(k) = k**3 - 5*k**2 - 6*k + 3. Give l(g).
-27
Let j(o) = -o**3 - o + 1. Let w = 43 - 41. Let n(a) = -a**3 - 4*a**2 - 8*a + 6. Let v(s) = w*j(s) - n(s). Suppose 8 = 3*l - 7. Determine v(l).
1
Let m(c) be the second derivative of c**7/2520 - c**6/80 - c**5/8 - 2*c**4/3 - c**3/3 - c - 17. Let g(h) be the third derivative of m(h). Determine g(11).
7
Let r(b) = b - 7. Let d be r(6). Let u be 3/(3/(-58))*(9 - 94). Let a(f) = u*f**2 - 4928*f**2 + 1 - 1. Give a(d).
2
Let r be (-1 + 2)/((-6)/(-18)). Suppose -k - r = -8. Let m(u) = 4*u + u - u**2 + 0*u - 2*u + k. Determine m(4).
1
Let s be ((-5)/(-20))/1*-1*(9 + -1). Let k(v) = -v**3 - 2*v - 1. Determine k(s).
11
Let u(j) = -j**3 - 5*j**2 - 7*j - 5. Let c(q) = -234*q - 28. Let o be c(1). Let m = 258 + o. Determine u(m).
7
Let c = -12269 + 12254. Let u(z) = z**3 + 17*z**2 + 32*z + 31. Calculate u(c).
1
Let x(t) = 15*t + 59. Let b be x(-8). Let m = b + 66. Let c(z) = 0 - 11 + z**3 + m + 5*z - 7*z**2 - 3. Give c(7).
26
Let d(f) = -10*f - 7. Let z(q) = q + 1. Let a(g) = 2*d(g) + 22*z(g). Suppose -259*u = -261*u - 3*m - 11, 5*m = u + 12. Determine a(u).
-6
Let r = -7 - -11. Let x(q) = -2*q - r*q - 1 + 2 - q**3 - 8*q**2. Let d(t) = -94*t + 3283. Let a be d(35). What is x(a)?
-6
Suppose 4*q - 3*z = 119, -129 = -4*q - 0*q + 5*z. Let j = q - 2. Let o(u) = -38*u + j*u + 15*u - 5. What is o(8)?
3
Let g(c) = -5*c - 143. Let u(y) = y**2 - 95*y + 668. Let l be u(87). Calculate g(l).
-3
Let o(t) be the third derivative of t**8/3360 + t**6/720 + t**5/60 + 23*t**4/12 - 39*t**2. Let a(r) be the second derivative of o(r). Give a(2).
20
Let b(t) = -3*t - 2. Let n(m) = -11*m + 2. Let z be n(-2). Let c = 1969 - 1969. Suppose 4*q + 0 - z = c. What is b(q)?
-20
Suppose 6 = -v + 30. Suppose 16 - v = 4*l. Let x(s) be the second derivative of s**4/3 - s**3/6 - s**2/2 - 4*s. What is x(l)?
17
Let s(v) be the first derivative of 1/2*v**2 + 3*v + 180. What is s(-6)?
-3
Let d(b) = 529*b. Let n be d(0). Let r(x) be the third derivative of n - 1/60*x**5 + 9*x**2 + 0*x - 1/24*x**4 - 1/120*x**6 + 0*x**3. Give r(-1).
1
Let f be (81/162)/(2/(-91)) + (-15)/12. Let i(a) = -4*a - 101. What is i(f)?
-5
Let h(t) = -3*t - 5. Let o(i) = -7*i - 11. Let b(u) = -44*u - 744. Let r be b(-17). Suppose 2 = -2*p - 16. Let j(g) = p*h(g) + r*o(g). What is j(6)?
-5
Let q(w) be the third derivative of 0*w**3 + 0 + 0*w + 1/24*w**4 - 45*w**2 + 1/30*w**5. Give q(-2).
6
Suppose -2151 - 269 = -5*y. Let l(w) = -w**3 - 1 - w + 480*w**2 - y*w**2 - 2 + 5. Calculate l(-5).
32
Let c = -259 - -379. Suppose -3*g + 13*g = c. Suppose -g*q - 40 - 68 = 0. Let i(b) = -b - 10. Calculate i(q).
-1
Let s(g) = g + 1. Suppose 15*y - 11*y = 3*n + 574, 5*n + 280 = 2*y. Suppose 4*j = -149 + y. Give s(j).
0
Let o(j) = -3*j**2 - 7*j - 4. Let r(h) = 13*h**2 + 28*h + 17. Let l(i) = 9*o(i) + 2*r(i). Suppose 36*f - 34*f + 6 = 0. Let g be f/(8/(-16) - -1). Give l(g).
4
Let a(m) = m**3 - 3*m**2 - m - 1. Suppose 11 = 13*s + 11. Let q be a(s). Let l(p) = -10*p**3 + 1. Determine l(q).
11
Let w(o) = -90*o**2 - 3*o + 3. Let f(s) = -s**2 + 3*s - 3. Let d(v) = -2*f(v) - w(v). Determine d(1).
92
Let p(g) = -2*g**2 + 46*g + 37. Let u be p(24). Let s(x) = -x - 2. Determine s(u).
9
Let s = -4291 - -4286. Let l(y) = y**3 + y**2 - 3*y - 1. Le